m(-25). Let g be 1326/d - 2/10. Calculate the highest common factor of g and 160.
10
Suppose 2*z - 3608 = 10*z. Let w = z + 793. What is the highest common factor of w and 38?
38
Let a be 6 + -151 - 2*1. Let p = a + 155. Suppose -2*h = -p*h + 60. Calculate the highest common factor of 50 and h.
10
Let s = -9947 - -15386. What is the greatest common divisor of 147 and s?
147
Let u = 16811 - 16652. Calculate the highest common divisor of 10229 and u.
53
Suppose 0 = o + 4*o - 125. Let b(f) = 15*f + 345. Let z be b(-23). Suppose -5*v + o = -z*v. What is the greatest common factor of 1 and v?
1
Let q be 9/6*(-808)/4. Let d = -268 - q. What is the greatest common divisor of 20 and d?
5
Let i(s) = s**2 + 23*s + 1502. Let p be i(-31). What is the greatest common factor of 406 and p?
14
Suppose 13 = -m - 22. Let q = m - -35. Let w be ((-48)/(-10))/(q - (-1)/5). What is the greatest common divisor of w and 8?
8
Let k(w) = -5*w**3 + 5*w**2 - 72*w - 192. Let f be k(-3). Calculate the highest common factor of 952 and f.
68
Suppose 422 + 406 = -4*z + 4*q, 4*z - 3*q + 825 = 0. Let x = 327 + z. What is the greatest common factor of 82 and x?
41
Let m = -180 - -259. Suppose f + 2*j - m = 12, 4*j = 0. What is the highest common divisor of f and 26?
13
Suppose -41*n - 2296 = -44*n - 161*n. Suppose -4*f = -f - 105. What is the highest common divisor of f and n?
7
Let z(o) be the first derivative of o**4/4 - 2*o**3 - o**2 + 30*o + 31. Let p be z(7). Let s = -62 + p. Calculate the greatest common divisor of 33 and s.
3
Suppose 12000 = 269*h - 119*h. What is the greatest common divisor of 520 and h?
40
Let n be -8*17/136 + 17. Calculate the highest common divisor of 68 and n.
4
Let b be 24*((-90)/(-28))/((-90)/(-105)). Suppose -254*g + 166*g = -1584. What is the greatest common factor of g and b?
18
Suppose -4*p - 5*o = -0*o - 234, -4*o = 3*p - 175. Suppose 0 = 2*t - t + 3, -2*v - 5*t = -p. Suppose v = u + u. What is the highest common factor of 19 and u?
19
Let r = -27872 - -27882. Let t be 6/4*(-16)/(-6). Calculate the highest common factor of t and r.
2
Suppose 10*b - 2*s = 7*b + 18, 2*b = 5*s + 23. Suppose -38*z + 39*z = -3*w + 109, 2*z - 228 = b*w. What is the greatest common factor of z and 64?
16
Let v(f) = 28*f**2 + 34*f - 38. Let y be v(-10). Calculate the greatest common factor of y and 21.
7
Let y = 211 + -205. Suppose 0 = 3*b + y, -g = 22*b - 18*b. Calculate the greatest common factor of 296 and g.
8
Let r(w) = 133*w - 1544. Let o be r(12). What is the highest common divisor of o and 65?
13
Let h be (-2)/8 - ((-16814)/8)/7. Let p be (2/3)/(40/h). Suppose 0 = -v + p*v - 52. Calculate the highest common divisor of 26 and v.
13
Let j(d) = 9 - d + 2*d**2 - 1 + 5*d**3 - 4 - 6*d**3. Let k be j(2). Let t be ((-11)/(-165))/(k/12)*30. What is the greatest common factor of 84 and t?
12
Suppose 0 = 4*p - 3*i - 255, -2*p + 88 + 37 = -i. Calculate the greatest common factor of 114 and p.
6
Let k = -28 - -29. Suppose d - 5 + k = 0. Suppose 15 = 3*r, d*a - 7*r - 15 = -2*r. What is the highest common factor of 110 and a?
10
Let l(u) = -u**3 + u**2 + u - 79. Let t be l(0). Let i = -75 - t. What is the greatest common factor of i and 28?
4
Let w(t) = -42*t - 277. Let l be w(-28). Let c = l - 879. Calculate the highest common factor of c and 140.
20
Let l(a) = -2*a - 4. Let f be (4*-2)/((-1)/(-8)). Let t = -82 - f. Let r be l(t). Calculate the greatest common divisor of r and 8.
8
Suppose -24*o = 5*f - 21*o - 32, 0 = -3*o + 12. Suppose 23*x + f*x = 1377. What is the highest common divisor of 119 and x?
17
Let r(o) = o**3 + 21*o**2 + 2*o + 46. Let q be r(-21). Let c be q + -7 + (17 - -4) + -1. Calculate the greatest common factor of c and 2.
1
Suppose -7*w = 6157 - 6199. Let c(s) = -s**2 - 2 - s**3 + 0*s**3 + 4 - s. Let v be c(-4). Calculate the highest common divisor of v and w.
6
Let f(i) = -134 - 198 - 70922*i + 70971*i. Let a be f(9). What is the greatest common divisor of a and 109?
109
Suppose -13*l - 17226 = -137762. What is the highest common factor of l and 19?
19
Let t(y) = 52*y**2 + 10*y + 28. Let q be t(-16). Let f be (-2)/9 - q/(-180). Calculate the highest common divisor of f and 219.
73
Suppose r = -2*g + 17, 3*g + 0 = -r + 26. Let q(s) = -52*s**3 + 9*s**2 - 73*s - 175. Let k be q(-2). What is the highest common factor of g and k?
9
Suppose 42*m - a = 62*m - 675, 3*m = -a + 97. Calculate the greatest common divisor of 2771 and m.
17
Let c be 2597/3 - (5 - 39/9). Let r = c - 480. What is the greatest common factor of 35 and r?
35
Let z be (-9 - (-15 + 6))/1. Suppose 4*f - 26*f + 44 = z. What is the highest common divisor of f and 6?
2
Suppose 0 = 6*s + 3*r - 66, 0 = -137*s + 136*s - 2*r + 8. What is the greatest common factor of 1500 and s?
12
Suppose -27*h - 486 = -54*h. Calculate the highest common factor of 27 and h.
9
Suppose -2*o = -3*v - 102, -4*v - 219 = -o - 78. Let s = -39 - v. Let t be 13 - ((1 - -1) + -1 + s). Calculate the highest common divisor of 15 and t.
15
Suppose 2*k + 184 = 570. Let t = 198 - k. Calculate the highest common factor of t and 35.
5
Let o(d) = d**2 + 12*d + 40. Let n be o(-6). Let g be (-13440)/(-147) + n/7. What is the greatest common divisor of 23 and g?
23
Let l = -4124 - -4139. Calculate the greatest common divisor of 6840 and l.
15
Suppose -164*t + 349251 + 2753629 = 0. Calculate the highest common divisor of t and 352.
88
Suppose 0 = -4*m + 5*l - 1980, 17*l = -m + 16*l - 504. Let h = 899 + m. What is the highest common divisor of 21 and h?
21
Let r = 168 + 6. Suppose 4*k - r = -26. Calculate the greatest common divisor of 296 and k.
37
Let x = 7970 + -3720. Suppose -6*y = -23*y + x. Calculate the greatest common divisor of y and 100.
50
Let h = 847 - 322. Calculate the greatest common divisor of 35 and h.
35
Suppose 17*g = 12*g - 30. Let p = 8 + g. Suppose 0*m - 157 = -m + p*n, -3*m - 3*n + 489 = 0. Calculate the greatest common factor of 23 and m.
23
Let g be 4/((-12)/(-45)) + 5. Let o(a) = -a**3 + 11*a**2 + a + 9. Let h be o(11). What is the greatest common factor of h and g?
20
Suppose -93 = -u + 30. Let a = -574 - -452. Let l = a + u. What is the highest common divisor of l and 9?
1
Let c(a) = a**2 - 1. Let d be c(2). Suppose 106 = 96*o - 32 + 42. What is the highest common divisor of o and d?
1
Let k(i) = i**3 - 24*i**2 - 36*i + 31. Let p be k(25). Let b = p - -1212. What is the highest common factor of b and 88?
88
Suppose -2*j + 4*r + 28 = -30, -3 = -3*r. Suppose -11*p + 97 = j. What is the highest common divisor of p and 150?
6
Suppose -35*d - 62*d + 261 + 10894 = 0. What is the highest common divisor of 65 and d?
5
Suppose 2*r + 4*k - 52 = 0, 3 = k - 1. Let l = -83 + 83. Suppose 108 = 4*g + q, q + 2*q = l. Calculate the greatest common divisor of r and g.
9
Let h be 143/((10 - 4)/6). Let b be 97/3 + (-3)/9. Let s = b - 19. Calculate the highest common divisor of s and h.
13
Suppose -7*r = 6 + 15. Let v be 2 + (r - -5 - 0). Suppose v*x - 64 = -2*g, 0 = -5*g + 4*x - 0*x + 90. Calculate the greatest common divisor of g and 33.
11
Suppose 18*n + 18881 = 115*n + 142*n. Calculate the greatest common divisor of 1501 and n.
79
Suppose -39624*m + 39622*m + 40 = 0. What is the highest common factor of m and 1165?
5
Suppose -280*z = -330*z + 3850. What is the highest common factor of z and 88?
11
Suppose 8*y - 7*y + 18 = 2*i, 32 = 4*i - 3*y. Let x be (3 - i)/1 - -1433. What is the greatest common divisor of 75 and x?
75
Let f = -21385 - -21434. What is the greatest common factor of 23471 and f?
49
Let g be 16608/(-14)*((-1260)/8)/45. What is the highest common factor of 96 and g?
24
Suppose 84 = 18*m - 6*m. Let p be (-3 + 10 - -3) + (m - 5). What is the highest common divisor of p and 15?
3
Suppose 20*w - 42*w + 5861 + 15897 = 0. Calculate the highest common factor of 86 and w.
43
Let h(l) = l**2 - l + 351. Let o be h(0). Suppose -4*m - c + 107 = 0, 4*m = m + 5*c + 86. Calculate the highest common factor of m and o.
27
Suppose 4*j = 2*s - 124, -16*s - 4*j + 866 = -3*s. Calculate the greatest common factor of s and 33.
33
Suppose 10 - 4 = 5*q - 2*d, 2*q + d + 3 = 0. Suppose 16*f - 14*f - 34 = q. What is the greatest common divisor of 17 and f?
17
Let w(h) = -5*h**3 + 4*h**3 + 0*h**3 - 11*h + 5 - 6*h + 140 - 37*h**2. Let 